2555?
5
What is the thousands digit of 13454465?
4
What is the hundred thousands digit of 121339?
1
What is the ten thousands digit of 765226?
6
What is the thousands digit of 813623?
3
What is the ten thousands digit of 1147697?
4
What is the hundred thousands digit of 13150327?
1
What is the hundreds digit of 764412?
4
What is the thousands digit of 257952?
7
What is the units digit of 7356637?
7
What is the units digit of 24671?
1
What is the millions digit of 9203479?
9
What is the tens digit of 6998562?
6
What is the millions digit of 29852004?
9
What is the thousands digit of 5308009?
8
What is the thousands digit of 19479534?
9
What is the units digit of 81751?
1
What is the hundred thousands digit of 302739?
3
What is the units digit of 1233476?
6
What is the millions digit of 6560740?
6
What is the ten thousands digit of 34561764?
6
What is the units digit of 23648313?
3
What is the hundreds digit of 157522?
5
What is the tens digit of 5024668?
6
What is the thousands digit of 194745?
4
What is the units digit of 96372?
2
What is the thousands digit of 68323?
8
What is the ten thousands digit of 1532049?
3
What is the tens digit of 7558632?
3
What is the ten thousands digit of 16118?
1
What is the ten thousands digit of 5433032?
3
What is the thousands digit of 111596?
1
What is the tens digit of 582784?
8
What is the thousands digit of 17796435?
6
What is the thousands digit of 676752?
6
What is the ten thousands digit of 1332572?
3
What is the thousands digit of 758778?
8
What is the millions digit of 8755703?
8
What is the thousands digit of 1186468?
6
What is the hundred thousands digit of 635669?
6
What is the hundreds digit of 7889?
8
What is the thousands digit of 19399632?
9
What is the tens digit of 97541?
4
What is the millions digit of 5178910?
5
What is the millions digit of 1150437?
1
What is the thousands digit of 478584?
8
What is the hundred thousands digit of 1594476?
5
What is the thousands digit of 354484?
4
What is the units digit of 3882706?
6
What is the thousands digit of 695118?
5
What is the tens digit of 6195375?
7
What is the ten thousands digit of 10002732?
0
What is the ten thousands digit of 371545?
7
What is the tens digit of 94791?
9
What is the ten thousands digit of 36865?
3
What is the hundreds digit of 5146339?
3
What is the thousands digit of 978627?
8
What is the units digit of 819543?
3
What is the ten thousands digit of 461020?
6
What is the ten thousands digit of 11924680?
2
What is the millions digit of 3715716?
3
What is the thousands digit of 438627?
8
What is the hundreds digit of 5711303?
3
What is the tens digit of 65036?
3
What is the hundreds digit of 838249?
2
What is the ten thousands digit of 33720?
3
What is the tens digit of 549223?
2
What is the tens digit of 909690?
9
What is the thousands digit of 2194408?
4
What is the tens digit of 588987?
8
What is the tens digit of 1799530?
3
What is the thousands digit of 18215689?
5
What is the thousands digit of 304750?
4
What is the tens digit of 32790?
9
What is the ten thousands digit of 1778354?
7
What is the tens digit of 13989?
8
What is the ten thousands digit of 17204590?
0
What is the tens digit of 7295778?
7
What is the thousands digit of 398828?
8
What is the thousands digit of 4782607?
2
What is the tens digit of 99350?
5
What is the units digit of 261061?
1
What is the tens digit of 9978190?
9
What is the ten thousands digit of 314380?
1
What is the hundreds digit of 158255?
2
What is the thousands digit of 13696606?
6
What is the ten thousands digit of 3126279?
2
What is the hundreds digit of 2158634?
6
What is the hundred thousands digit of 1070860?
0
What is the hundred thousands digit of 111474?
1
What is the thousands digit of 74611?
4
What is the tens digit of 365487?
8
What is the hundred thousands digit of 831996?
8
What is the tens digit of 776158?
5
What is the tens digit of 1596027?
2
What is the hundred thousands digit of 5640679?
6
What is the hundreds digit of 4716260?
2
What is the hundred thousands digit of 974385?
9
What is the hundreds digit of 15184393?
3
What is the units digit of 1452462?
2
What is the units digit of 25922549?
9
What is the units digit of 11913461?
1
What is the hundreds digit of 2252211?
2
What is the thousands digit of 65597?
5
What is the tens digit of 5623329?
2
What is the hundreds digit of 1018357?
3
What is the thousands digit of 1388212?
8
What is the hundreds digit of 1528980?
9
What is the hundred thousands digit of 19138478?
1
What is the tens digit of 813594?
9
What is the thousands digit of 227366?
7
What is the units digit of 1055207?
7
What is the hundreds digit of 1057872?
8
What is the units digit of 77902?
2
What is the thousands digit of 4902780?
2
What is the hundreds digit of 17775344?
3
What is the hundreds digit of 565490?
4
What is the millions digit of 30778128?
0
What is the ten thousands digit of 563898?
6
What is the hundreds digit of 4754830?
8
What is the units digit of 53059?
9
What is the hundred thousands digit of 192517?
1
What is the units digit of 1955545?
5
What is the hundreds digit of 11914024?
0
What is the hundreds digit of 849142?
1
What is the units digit of 1006336?
6
What is the millions digit of 17683113?
7
What is the tens digit of 7622047?
4
What is the thousands digit of 185397?
5
What is the hundreds digit of 27721587?
5
What is the ten thousands digit of 753694?
5
What is the thousands digit of 98593?
8
What is the hundred thousands digit of 488787?
4
What is the ten thousands digit of 11108798?
0
What is the thousands digit of 32026?
2
What is the hundred thousands digit of 31460999?
4
What is the ten millions digit of 14288156?
1
What is the ten thousands digit of 895873?
9
What is the hundred thousands digit of 14449435?
4
What is the thousands digit of 2474924?
4
What is the ten thousands digit of 278783?
7
What is the thousands digit of 677156?
7
What is the units digit of 1111994?
4
What is the ten millions digit of 41975248?
4
What is the hundred thousands digit of 11077447?
0
What is the hundred thousands digit of 126479?
1
What is the hundreds digit of 61306?
3
What is the thousands digit of 302141?
2
What is the hundred thousands digit of 155187?
1
What is the tens digit of 7764815?
1
What is the tens digit of 663441?
4
What is the ten thousands digit of 1011768?
1
What is the ten thousands digit of 455311?
5
What is the tens digit of 15571203?
0
What is the ten thousands digit of 2335080?
3
What is the units digit of 2632363?
3
What is the ten thousands digit of 51231?
5
What is the tens digit of 1055268?
6
What is the millions digit of 6451690?
6
What is the hundred thousands digit of 856265?
8
What is the millions digit of 1072239?
1
What is the hundreds digit of 938346?
3
What is the units digit of 26596161?
1
What is the units digit of 75392?
2
What is the thousands digit of 2666196?
6
What is the ten thousands digit of 50332?
5
What is the millions digit of 1405213?
1
What is the ten millions digit of 15793021?
1
What is the tens digit of 1015394?
9
What is the units digit of 2358028?
8
What is the units digit of 163187?
7
What is the hundreds digit of 903422?
4
What is the thousands digit of 1250687?
0
What is the units digit of 213015?
5
What is the tens digit of 2069747?
4
What is the units digit of 1006498?
8
What is the ten thousands digit of 4336742?
3
What is the tens digit of 1152971?
7
What is the ten thousands digit of 188812?
8
What is the tens digit of 1038288?
8
What is the thousands digit of 35316474?
6
What is the millions digit of 15607501?
5
What is the tens digit of 15911233?
3
What is the ten thousands digit of 860264?
6
What is the hundred thousands digit of 824325?
8
What is the thousands digit of 131310?
1
What is the units digit of 492366?
6
What is the units digit of 15768640?
0
What is the hundred thousands digit of 1894955?
8
What is the hundreds digit of 16543183?
1
What is the hundred thousands digit of 1214790?
2
What is the tens digit of 5274484?
8
What is the hundred thousands digit of 350646?
3
What is the units digit of 452657?
7
What is the hundreds digit of 6834621?
6
What is the thousands digit of 15950115?
0
What is the ten thousands digit of 311061?
1
What is the hundred thousands